the greatest common factor of 48 and 916544.
16
What is the greatest common factor of 17813 and 6070822?
379
What is the greatest common divisor of 58880375 and 6604?
127
Calculate the highest common divisor of 54563916 and 4752.
132
What is the highest common factor of 303082065 and 8580?
2145
Calculate the highest common factor of 2559571 and 153.
17
What is the greatest common factor of 4011308 and 1358?
14
Calculate the highest common divisor of 2139 and 1193631.
69
What is the greatest common factor of 12435735 and 507?
39
Calculate the highest common factor of 584488 and 280.
8
Calculate the highest common factor of 21994332 and 24.
12
What is the highest common factor of 75 and 607074480?
15
Calculate the greatest common factor of 12 and 1694421.
3
What is the highest common divisor of 3306 and 2337000?
114
Calculate the highest common factor of 1445 and 76378943.
289
What is the greatest common divisor of 40 and 49964840?
40
What is the highest common divisor of 69 and 183969?
3
What is the greatest common factor of 9361510 and 230?
10
What is the greatest common divisor of 3327993 and 45?
9
What is the highest common divisor of 679256 and 1962120?
1576
What is the highest common divisor of 1028412 and 1980?
396
Calculate the highest common divisor of 192929610 and 190.
190
What is the highest common factor of 286 and 480714?
26
What is the greatest common divisor of 2880 and 129466560?
960
Calculate the highest common divisor of 36710 and 20458483.
3671
Calculate the highest common factor of 71 and 19688939.
71
What is the highest common factor of 6027 and 7373973?
123
What is the highest common divisor of 136 and 20629480?
8
What is the highest common factor of 127507688 and 112?
56
What is the highest common divisor of 4 and 1233630?
2
What is the highest common divisor of 1495003227 and 18822?
9411
Calculate the highest common factor of 192735 and 16505.
5
What is the highest common divisor of 15025 and 2927471?
601
What is the greatest common factor of 7203569 and 1561?
223
Calculate the greatest common factor of 1955369 and 7397.
13
Calculate the highest common factor of 248 and 8560743.
31
What is the greatest common divisor of 891126 and 4392?
18
Calculate the greatest common factor of 25032 and 33096.
168
Calculate the highest common factor of 300 and 117302952.
12
Calculate the highest common factor of 1076859 and 252.
63
Calculate the greatest common factor of 7328 and 1477508.
916
What is the greatest common factor of 28180374 and 234?
6
What is the greatest common divisor of 10670 and 15654830?
970
What is the greatest common factor of 914608 and 176?
16
Calculate the greatest common divisor of 28307073 and 7743.
267
Calculate the greatest common divisor of 112761 and 2034.
9
What is the greatest common factor of 18693169 and 57?
19
Calculate the greatest common divisor of 744159 and 12948.
39
Calculate the greatest common factor of 36 and 284804316.
36
Calculate the highest common divisor of 968 and 45753268.
44
Calculate the highest common factor of 62034 and 1470.
294
What is the highest common factor of 3536 and 62291944?
1768
What is the highest common divisor of 676125 and 1800?
225
Calculate the greatest common factor of 10878309 and 850200.
4251
Calculate the highest common factor of 1495 and 184483.
299
What is the highest common factor of 917560 and 2842?
406
Calculate the highest common divisor of 6745 and 8204770.
95
What is the highest common factor of 2695 and 259000819?
539
Calculate the greatest common divisor of 25 and 113785555.
5
Calculate the greatest common factor of 2328078 and 38054.
106
Calculate the highest common divisor of 13701744 and 1890.
378
Calculate the greatest common factor of 7561092 and 4852519.
8183
Calculate the greatest common factor of 2525 and 14443.
101
What is the highest common factor of 35 and 3424505?
35
What is the highest common divisor of 1352025 and 76275?
675
What is the highest common divisor of 585232000 and 5056?
5056
Calculate the greatest common divisor of 13887 and 2952.
9
Calculate the highest common factor of 144456 and 16068.
156
Calculate the highest common divisor of 7 and 75358003.
7
Calculate the greatest common factor of 383232 and 222.
6
What is the highest common factor of 24522597 and 15675?
627
Calculate the highest common divisor of 5482 and 32346541.
2741
Calculate the greatest common divisor of 9018415 and 10465.
805
What is the highest common divisor of 52 and 478528947?
13
What is the greatest common divisor of 69078 and 88653?
87
Calculate the highest common divisor of 55 and 377074786.
11
What is the highest common divisor of 4812 and 39728?
4
What is the highest common factor of 580069752 and 552?
552
What is the highest common divisor of 36 and 1321724?
4
What is the greatest common factor of 69252 and 475809?
597
Calculate the greatest common divisor of 66 and 7924675.
11
Calculate the highest common divisor of 53785584 and 3720.
24
What is the greatest common divisor of 2009450 and 45?
5
Calculate the highest common factor of 29199987 and 33501.
2577
Calculate the greatest common factor of 194 and 859016.
2
What is the greatest common divisor of 50665011 and 118?
59
What is the greatest common divisor of 1208201895 and 15?
15
What is the highest common divisor of 54808 and 31666128?
3224
What is the greatest common factor of 368888 and 2103371?
3547
Calculate the greatest common factor of 231010496 and 35072.
8768
What is the highest common factor of 127221051 and 3599?
3599
What is the greatest common factor of 3728481392 and 268?
268
Calculate the highest common divisor of 5044 and 724516.
52
What is the highest common divisor of 1774 and 3746116772?
1774
What is the greatest common divisor of 12 and 90452?
4
What is the greatest common divisor of 857063 and 265?
53
Calculate the greatest common factor of 52943329 and 589.
19
Calculate the greatest common factor of 209 and 4333558.
19
Calculate the highest common divisor of 16023 and 40866.
147
What is the highest common divisor of 15468 and 1774?
2
What is the highest common divisor of 220640 and 175840?
1120
What is the highest common divisor of 897457 and 836?
11
Calculate the highest common factor of 1920 and 10439040.
1920
Calculate the greatest common divisor of 1388433 and 754.
29
Calculate the greatest common factor of 1684 and 11580868.
1684
What is the greatest common divisor of 4632175 and 62?
31
Calculate the highest common factor of 156102035 and 8355.
2785
Calculate the highest common factor of 885 and 1333249845.
885
What is the greatest common factor of 29708 and 2177?
7
What is the greatest common divisor of 2750338 and 6014?
194
What is the greatest common factor of 937559 and 755?
151
What is the highest common divisor of 37185 and 306123?
201
What is the greatest common factor of 1815 and 160080?
15
Calculate the highest common factor of 697809 and 2877.
21
What is the greatest common factor of 671013 and 222516?
63
What is the greatest common divisor of 983600 and 15700?
100
Calculate the highest common factor of 100283 and 16312027.
289
What is the greatest common factor of 90 and 59392512?
18
Calculate the highest common factor of 193 and 81558326.
193
What is the greatest common factor of 195536215 and 235?
235
Calculate the greatest common divisor of 1961157 and 143.
11
Calculate the greatest common divisor of 8420 and 46114235.
2105
What is the greatest common divisor of 60578 and 58254?
14
What is the greatest common divisor of 114331892 and 304?
76
What is the highest common factor of 176 and 224134724?
44
Calculate the highest common divisor of 536640 and 45.
15
What is the highest common divisor of 2954 and 442847433?
1477
What is the greatest common divisor of 3992785410 and 2229?
2229
Calculate the greatest common factor of 23778834 and 1818.
606
What is the greatest common factor of 1581 and 115251738?
1581
Calculate the greatest common factor of 42472505 and 76.
19
Calculate the greatest common divisor of 46969149 and 10293.
219
What is the greatest common factor of 128 and 558016?
64
Calculate the greatest common divisor of 101924 and 996.
332
Calculate the highest common divisor of 36995 and 118288870.
5285
What is the greatest common factor of 5029 a